*s**3 - 2*s**2 + 6*s - 5*s**3 + 8*s**2. What is z(-5)?
-3
Let r(l) be the first derivative of l**4/4 - 5*l**3/3 + 5*l**2/2 + 3. Let s(g) = g**3 - 5*g**2 + g - 7. Let u be s(5). Let b = u + 6. Determine r(b).
4
Let b(d) = 5*d**2 - 10*d - 5. Let a(o) = 9*o**2 - 20*o - 10. Let r(f) = 6*a(f) - 11*b(f). Give r(-6).
19
Let w be (1 + 1)*63/(-14). Let c be (4 - w/(-2))*-12. Let j(n) = n**3 - 5*n**2 - 7*n + 1. Give j(c).
-5
Suppose -5*t + 20 = -t. Let x(m) be the second derivative of 0 + 1/2*m**2 - 2*m + 1/6*m**3. Determine x(t).
6
Let r(q) = -4 - q**2 + 4 + 5*q - 2. Suppose -4*i - 2*t + 4 = 0, -14 = -6*i + 3*i + 4*t. Determine r(i).
4
Let a(b) = -7 - 2 + 0*b - 2*b. Let z = -270 + 264. Determine a(z).
3
Let d(h) = 2*h - 6. Suppose s + 17 = 2*q, -2*s = -5*q - s + 35. Give d(q).
6
Let c(g) be the first derivative of -g**3 - 2*g**2 + 3*g - 27. What is c(2)?
-17
Let z(p) be the first derivative of 0*p**2 + p + 1/2*p**4 + 3 - 1/3*p**3. Suppose -k + 6*k - 18 = -2*f, k - 3 = -f. Give z(f).
-2
Let q(v) = v**3 + 5*v**2 - 4*v + 8. Let l = -5 + 8. Suppose l*u + 7 = -11. Give q(u).
-4
Let y(k) = 5*k**3 - 5*k - 1. Suppose -o = o + 12. Let b(x) = -4*x**3 + 4*x + 1. Let u(l) = o*b(l) - 5*y(l). Calculate u(1).
-1
Let p(u) be the third derivative of u**6/120 + 3*u**5/20 - u**4/8 - 11*u**3/6 - 39*u**2. Give p(-9).
16
Let j = 5 + -9. Let i = j - -2. Let u(n) = -n**2 - 2*n - 1. Give u(i).
-1
Let t(d) = -d**3 + 6*d**2 + 8*d. Let l(w) be the third derivative of w**6/60 - w**5/20 + w**4/12 - w**3/6 - 4*w**2. Let u be l(2). What is t(u)?
7
Let y(s) = 2*s + 2*s**2 + 6*s + 0*s**2 - 4*s + 1. Determine y(-3).
7
Let j(o) be the first derivative of -2 + 1/2*o**2 - 6*o. Let k = 5 + 0. Give j(k).
-1
Let p be -1*1*(0 + -2). Let t(n) = 2*n**2 - n - p*n + 2*n. What is t(2)?
6
Let t(q) be the first derivative of -3*q**2/2 + 4*q + 12. Determine t(-5).
19
Let p(i) = 9*i. Suppose 2 = -3*n - 4*k - 1, -3*k + 3 = -3*n. Determine p(n).
-9
Suppose -3*k = -6 - 0. Suppose -6*z + 2*z = 5*m - 12, -k*m = 0. Let w(s) = -s**3 + 0*s + s + s + 0*s - z*s**2. Calculate w(-3).
-6
Suppose -j - 30 = -6*j. Let w(c) = -c**3 + 6*c**2 - 2*c + 9. Determine w(j).
-3
Let i be 28/(-8)*(-6)/9*-3. Let c(g) = g**3 + 8*g**2 + 5*g - 8. Calculate c(i).
6
Let h(g) = 0*g - 3 + 2*g - 5*g**2 + 6 + g**3 + 0*g. What is h(4)?
-5
Let a(n) = n + 2. Let w = -11 + 10. Calculate a(w).
1
Let j(u) = 2*u. Let o = -102 + 96. Calculate j(o).
-12
Let r(f) be the second derivative of 1/20*f**5 + 4/3*f**3 + 0 - 5/6*f**4 + f + 6*f**2. Let i be r(9). Let m(n) = -n**2 + 5*n - 4. Calculate m(i).
2
Let f(u) = 2*u - 28. Let r be f(16). Let x(q) be the third derivative of 0*q**3 + 0*q + 0 + 1/12*q**5 + 1/120*q**6 - 1/12*q**r - q**2. What is x(-5)?
10
Suppose 0 = 5*w - 17 + 7. Let p(o) = 0*o**3 + 0*o**w - 2*o - 3*o**2 + 0*o**3 + o**3. Let b = 2 - -2. Give p(b).
8
Let z(q) be the second derivative of 0 + 11/2*q**2 - 13/6*q**4 + 7/2*q**3 + 3*q. Let w(r) = 5*r**2 - 4*r - 2. Let g(j) = -11*w(j) - 2*z(j). Calculate g(2).
-8
Let d(r) be the third derivative of -r**6/120 - r**5/20 + r**4/4 + 2*r**3/3 - 24*r**2 + 1. Let w = 4 - 8. Give d(w).
-4
Let n be (16/(-8))/((-2)/(-6)). Let s(i) = -i + 4. Determine s(n).
10
Let d(o) be the first derivative of 1/120*o**6 + 2 - o**2 + 5/24*o**4 + 2/3*o**3 + 0*o - 1/10*o**5. Let g(s) be the second derivative of d(s). Give g(5).
4
Let b = -1 + 5. Let i(d) = -8*d + 6*d - d**2 - 4 - 1. Let a(j) = j**2 + j + 5. Let p(q) = -6*a(q) - 5*i(q). Determine p(b).
-5
Let a(k) be the second derivative of 1/2*k**2 - k + 0 - 1/6*k**4 + 0*k**3. Let f be (-2)/8*2*-4. Calculate a(f).
-7
Let r(g) be the third derivative of -g**5/60 + g**4/24 + 7*g**3/2 + 53*g**2. Calculate r(0).
21
Let l(t) = t**2 - 7*t + 4. Suppose h + 5 = -5*d, -3*d = 5*h - 1 + 4. Let p be (d/(-1) - 1) + 6. Determine l(p).
-2
Let v(r) = r**2 + 7*r + 7. Let s(b) = -b**3 - 3*b**2 - b - 2. Let q be s(-3). Let i be (35/(-14))/(q/2). Give v(i).
-3
Suppose -3*o = -2*s + 14, 2*s + 0 = -3*o + 2. Let j = -2 - o. Suppose 12 = -j*a + 3*a. Let i(x) = x**2 - 3*x - 2. What is i(a)?
2
Let x(b) = b**2 + 7*b + 10. Let p be x(-6). Let o(u) = -u**3 + 4*u**2 + 2*u - 3. What is o(p)?
5
Let b(f) = -f**2 - 4*f + 3. Let a(j) = -2*j - 4. Let m be a(0). Give b(m).
3
Let i(f) = 5*f**3 + 4*f**2 + 7. Let y(c) = -c**3 - c**2. Let l(j) = i(j) + 4*y(j). Let t = 3 - 1. Let q be 2 + (-4 - t/(-1)). Calculate l(q).
7
Let c(m) be the second derivative of -m**4/12 - 5*m**3/6 - m**2/2 + 18*m. Give c(-5).
-1
Suppose 2*h - 2*t - 36 = -2*h, -9 = h + 4*t. Suppose 13 = -4*r - g, 2*r + h = -3*g - 12. Let w(l) = -3*l**2 - 3*l - 3. Determine w(r).
-9
Let k(v) = -v**3 + 3*v**2 - v - 4. Let y be -1*(-4 + 0 - -1). What is k(y)?
-7
Let n = -1 - -2. Let g be (9 - 6)*n/3. Let u(c) = -9*c**3 + c**2 + c - 1. Give u(g).
-8
Suppose 5 = 4*q - k, 8 = 4*k - 4. Suppose q*s - 8 = 2. Let p(h) = -h - 1. What is p(s)?
-6
Suppose -3*t = -2*v + 4 + 7, 4*v = -t + 15. Suppose -h = 6 - v. Let f(n) be the third derivative of -n**6/120 - n**5/60 - n**4/12 - n**3/3 - n**2. Give f(h).
6
Let c(q) be the second derivative of q**4/12 + q**3 + q**2 + 7*q. What is c(-4)?
-6
Let t(j) = -j + 8. Let l(n) be the third derivative of -n**4/24 + 4*n**3/3 - 5*n**2. Let h(c) = -6*l(c) + 5*t(c). Calculate h(6).
-2
Let c(m) = m**3 + m**2 + m + 7. Let h(q) = -q**2 - 17*q. Let f be h(-17). What is c(f)?
7
Let x(i) = -i**3 + 2*i**2 + 2*i + 1. Let z be x(-1). Let k(h) = h + 0*h + 4*h + 4 - 1 + h**z. What is k(-4)?
-1
Let t(s) be the second derivative of s**4/12 + 5*s**3/6 + 2*s**2 - 27*s. Let p(n) = -n**2 - 9*n - 5. Let y be p(-9). Calculate t(y).
4
Let m(i) be the third derivative of i**6/120 + i**5/15 + i**4/24 + i**3/6 + i**2. Let w(g) = -2*g**2 - 3*g - 1. Let q be w(-2). Give m(q).
7
Let u be 2 - (1 + 4 - 4). Let l(w) = -w**3 - w + u - 3*w + 6*w**2 - w + 6. Calculate l(5).
7
Suppose -5*h + 20 = 4*x, 3*h - x - 12 = -0*x. Let l(n) = n**3 - 5*n**2 + 4*n. What is l(h)?
0
Let c be -14 - -14 - (-10)/2. Let r(q) = q**2 - 7*q + 1. Determine r(c).
-9
Let f(q) = -4*q**2 + q - 4. Let s be f(2). Let u = -17 - s. Let z(k) = -12*k + 1. Calculate z(u).
-11
Let f be 3*(4 + 152/12). Let p(b) = -7*b**2 + f + b**3 - 43 + b + 3*b. What is p(6)?
-5
Let i(g) = -g - 1. Let z(j) = 6*j + 4. Let a(s) = 5*i(s) + z(s). Let n(y) = y**2 - 12*y - 9. Let h be n(13). Calculate a(h).
3
Let a = 12 - 7. Let n(f) = -a*f + 3*f + f - 5. Determine n(0).
-5
Let y(u) be the second derivative of 3/2*u**2 - 1/4*u**4 - u + 0 - 1/20*u**5 + u**3. Determine y(-4).
-5
Let i = 0 - 0. Let s(k) = -5 + 6*k + 6 + i. Calculate s(1).
7
Let t(f) = f**3 + 5*f**2 + 7*f + 4. Suppose -c = -5*s - 21, -c - 19 = 4*s - 4*c. Determine t(s).
-8
Let k(p) = -5*p + 15. Let s(w) = -w + 4. Let y(a) = 2*k(a) - 9*s(a). Let d be 3 + (-3)/(-6)*-6. Give y(d).
-6
Let u be 9/3 - (3 - 2). Let o(k) = -3*k**3 - k**2 + 3*k + 10. Let b(t) = 2*t**3 + t**2 - 2*t - 7. Let d(c) = 7*b(c) + 5*o(c). What is d(u)?
3
Suppose 3*n - 3*s = -0*s - 6, 3*s = 2*n + 3. Let t(l) = l**3 + 4*l**2 + 4*l + 1. Determine t(n).
-2
Let a(b) = b**3 - 6*b**2 + 7*b. Suppose -2*x + 2 + 8 = 0. Give a(x).
10
Let m(h) = 6*h + 3 + 8 - 10. Calculate m(-3).
-17
Let n(v) = 4*v - 1. Let m(b) = -b**3 + b**2 - 1. Let j be m(-1). Suppose -c - j = -3. What is n(c)?
7
Suppose -4*a = 7 - 23. Let v(c) = c + 1. Let l(f) = -f + 4. Let k(b) = b**2 - 6*b - 8. Let x be k(7). Let t(o) = x*l(o) + v(o). Calculate t(a).
5
Let b = 136 - 131. Let w(k) = -k**2 + 2*k + 5. Give w(b).
-10
Suppose 18 = 5*u - 2. Let w(l) = -u + 4 - 3 + 2*l. Calculate w(3).
3
Let v(d) be the third derivative of -d**6/120 + 2*d**5/15 - d**4/24 + 3*d**3/2 + 21*d**2. What is v(8)?
1
Suppose 0*i + 2*h = -3*i + 6, 5*i - 4*h = 10. Let t(v) be the first derivative of -1/3*v**3 - 1 - 1/4*v**4 + 0*v**i + 4*v. What is t(0)?
4
Let h(r) = r**2 - r + 3. Let w(f) = f**2 - f + 4. Let o(l) = 6*h(l) - 5*w(l). Calculate o(4).
10
Let t(a) = 3*a - 24. Let j(b) = 2*b - 23. Let l(y) = -5*j(y) + 4*t(y). Let d(f) = -f - 10. Let g(i) = 11*d(i) + 6*l(i). Determine g(4).
8
Let g(n) = 3*n**2. Let m be g(-1). Let z(o) = -3*o**2 + 7 - m + 4*o**2 - 6*o. Give z(5).
-1
Let u(p) = -2*p**2 + p + 7*p**2 - 3*p**2 + 12 - 3*p**2. Determine u(0).
12
Suppose -k - 16 = -5*k. Let r(d) = 3*d**3 - d**2 + 1. Let j be r(1). Let x(h) = 4*h**2 - 2*h - h - 4 - j*h**